the highest common factor of o and s.
2
Suppose 0 = -3*g - 9, 3*g - 73 = 5*o + 143. Let k = -21 - o. Let p be 48*((-9)/12 + 2). Calculate the greatest common divisor of p and k.
12
Let d(w) = 4*w**2 - 3*w. Suppose 3*k - 6 = 0, 2*k + 4 = -2*r - 2*k. Let b be d(r). What is the highest common factor of b and 18?
18
Let q be (-48)/360 + (-814)/(-30). Calculate the greatest common factor of q and 9.
9
Suppose 19*b + 352 = 23*b. What is the highest common factor of 11 and b?
11
Suppose 4*m - 13 + 261 = 0. Suppose 4*f + 8 = -0. Let l be f/3 - m/3. Calculate the greatest common divisor of 100 and l.
20
Let n(b) = 3*b**3 - 3*b**2 - 2*b + 2. Let y be n(2). Calculate the greatest common factor of 20 and y.
10
Let c = -22 + 26. Suppose d = -c*r + 18, -d = -6*d - 4*r + 26. What is the highest common divisor of d and 18?
2
Let n = 35 + -13. Let o = -7 + n. Calculate the highest common divisor of 5 and o.
5
Let d be (28/(-6))/(4/(-6)). Let k = 25 - d. What is the highest common factor of 27 and k?
9
Let l be 2/8 - 285/(-12). Let u be (-7 + 13)/((-6)/(-8)). Calculate the greatest common factor of l and u.
8
Let l = -18 - -32. Calculate the highest common factor of 154 and l.
14
Suppose 4*c + 424 = -4*s, 4*c - 122 + 522 = 2*s. Let o = -62 - c. Calculate the greatest common divisor of 10 and o.
10
Let r(l) = 17*l - 11. Let g be r(3). Calculate the greatest common factor of g and 5.
5
Suppose 10*s - 12*s = -36. Calculate the highest common divisor of s and 108.
18
Let t(s) be the second derivative of -8/3*s**3 + 0 + 6*s**2 - 3*s + 1/6*s**4. Let r be t(10). Calculate the highest common factor of 13 and r.
13
Suppose 0 = -4*d + 21 + 27. What is the highest common divisor of d and 12?
12
Suppose -3*s - 12 + 48 = 0. Calculate the highest common factor of s and 36.
12
Let d(t) = -t**2 + 6*t + 3. Let s be d(3). Let a be ((-14)/(-6))/(1/126). Let c be a/24 - 2/8. What is the highest common factor of s and c?
12
Suppose -15 - 12 = -3*k. Let g = 24 - k. What is the highest common divisor of g and 6?
3
Let c be ((-1)/(-2))/(2/392). Suppose 0*n - 4*n = -3*i + 29, 0 = 3*i - 2*n - 37. Let g = 29 - i. What is the highest common divisor of g and c?
14
Let y(w) = -w + 65. Let s be y(0). Let v(j) = j - 59. Let z be v(0). Let n = -33 - z. What is the greatest common divisor of n and s?
13
Suppose 5*p - 19 = 1. Suppose -2*t = -p*w - 32, -w - 55 = -4*t + 4*w. What is the greatest common factor of 10 and t?
10
Let f = 1 - 0. Suppose -3*p = 3*q - 43 - 65, 8 = 4*q. Suppose -179 = -l - 2*s - p, -s = -f. Calculate the greatest common factor of l and 13.
13
Let g(v) = v**2 + 8*v + 7. Let r be g(-5). Let c = r - -17. What is the highest common factor of c and 6?
3
Let x = 83 - 19. Let s = x - 22. Suppose 3*m + 22 = w, 0*w + 4*m + 104 = 4*w. Calculate the greatest common divisor of s and w.
14
Let v be 0/3 - -8 - -2. Let m be (-208)/(-7) + 2/7. What is the highest common divisor of v and m?
10
Let z(h) = -2*h**2 - 46*h + 24. Let a be z(-19). Calculate the greatest common divisor of a and 22.
22
Let r(u) = -5*u**2 - 6*u + 0*u + 6*u**2. Let v be r(6). Suppose 5*k - 7 - 3 = v. What is the highest common divisor of k and 14?
2
Suppose 4*d - 84 - 20 = 0. Suppose 321 + 147 = 2*h. What is the greatest common divisor of d and h?
26
Suppose 5*g + 164 = 4*p - p, -32 = -p - 4*g. What is the highest common divisor of p and 6?
6
Let j(v) = 4 + v - 4 - 4 - 3. Let q be j(10). Suppose 0 = 6*d - q*d - 90. What is the highest common divisor of d and 6?
6
Let u = 16 + 92. What is the highest common divisor of u and 72?
36
Let k be (72/15)/(2/10). Let h be (-2)/(-9) - (-2492)/(-36). Let m = -9 - h. What is the highest common factor of m and k?
12
Let s be (-2 + 1)/((-2)/6). Suppose -4*a = -s*a - 119. What is the highest common factor of a and 17?
17
Let x = -49 + 103. Calculate the highest common divisor of 36 and x.
18
Suppose 0*v + 70 = 2*v. Let i be 10/v + 523/7. Calculate the greatest common divisor of 15 and i.
15
Let g be -1 + (6 - (1 + 0)). Suppose 5*p = 2*j + 1046, 3*p - 935 + 313 = g*j. Suppose p = a + 66. What is the highest common factor of 16 and a?
16
Let t(x) = x - 2. Let k(f) = 1. Let o(j) = 4*k(j) + t(j). Let m be o(0). Suppose -2*c = -24 - 4. What is the greatest common divisor of c and m?
2
Let u(n) = -n**3 - 2*n**2 + 3*n. Suppose -2*g + 12 = -6*g. Let c be u(g). Suppose 2*h + 0*h - 8 = c. Calculate the greatest common factor of 32 and h.
4
Let m be 56 - (-2 + (-8)/(-2)). Let f be 6/(((-6)/(-7))/3) + -3. What is the highest common factor of f and m?
18
Suppose -2*s - 41 = 5*g, -28 = s + 2*g - 9. Let k = 7 - s. What is the highest common divisor of 8 and k?
4
Suppose -2*f = -f - 5. Let g = -4 - -9. Calculate the highest common divisor of f and g.
5
Let l be (70/28)/(2/4). What is the highest common divisor of l and 5?
5
Suppose -2*n - 148 = -6*n - 2*w, n - 36 = -w. Let l = 1 + 1. Suppose 2*p - n = -l*q, 3*q - 7*q = 5*p - 96. What is the greatest common divisor of p and 30?
10
Let w(q) = 3*q**2 + 4*q + 9. Let z(a) = -4*a**2 - 6*a - 13. Let x(u) = 7*w(u) + 5*z(u). Let k be x(-2). Calculate the greatest common factor of k and 6.
6
Let z(y) = y**3 + 11*y**2 + 15*y - 6. Let t be z(-9). What is the highest common divisor of t and 42?
21
Let d be -4 + 1 + 2 + -2. Let v be (-6)/d - (-17 + -2). Let b = v - 8. What is the highest common divisor of 91 and b?
13
Let k(y) = y**2 + 1. Let q be k(3). Let x be 62/2 + 0 + -1. Suppose 3*w + 0*w - 4*j = x, j = w - 10. Calculate the greatest common divisor of w and q.
10
Let n(p) = 2*p**3 - 2*p**2 - 3*p + 4. Let d be n(2). What is the highest common divisor of d and 2?
2
Suppose -119 - 151 = -5*p. Suppose 5*c - 111 - 24 = -3*u, 2*u = 2*c - p. What is the greatest common divisor of c and 18?
9
Suppose -3*k - 5*t = -40, 34 = 4*k + 3*t - 6*t. Let y be (-9)/(-4) - (-7)/(-28). What is the greatest common factor of y and k?
2
Let w(z) = -z + 31. Let a be w(-10). Calculate the highest common divisor of a and 164.
41
Let x be -20*(6/36 + 6/(-9)). What is the greatest common factor of x and 20?
10
Suppose -3*u = -n - 2*u + 8, 0 = 5*n + 2*u - 5. Let d(c) = -c**2 + 18*c - 20. Let k be d(16). Calculate the greatest common factor of n and k.
3
Let c be (-208)/(-13)*1/2. Calculate the greatest common factor of c and 32.
8
Let b = -4 + 1. Let z = b - -3. Suppose 5*s + 2*r = -z*s + 495, s + 3*r = 99. Calculate the greatest common divisor of s and 9.
9
Let x be -1 + 1 + (1 - -2). Suppose 4*a - 55 = x*z, -3*a + 2*z + 1 + 40 = 0. Calculate the greatest common divisor of 13 and a.
13
Suppose 4*s + 23 - 7 = 0. Let u = s - -6. Let k be (-2)/2*1 + u. What is the greatest common divisor of k and 4?
1
Suppose 5*o + 112 = 14*r - 10*r, -2*r - 5*o + 56 = 0. Let a = 18 - 13. Let k(v) = 2*v - 3. Let g be k(a). Calculate the highest common factor of r and g.
7
Let r be 2/7 + 4/(-14). Suppose r*g - 6 = -g. What is the greatest common factor of 15 and g?
3
Let n(s) = -s**2 + 6*s - 5. Let u be n(5). Let a be (u + -96)*12/(-9). Let x be 1*-4*(-8 + 4). Calculate the highest common factor of x and a.
16
Let l = 6 + -4. Suppose 0 = 2*b + l*b. Let v be (b + (-1)/(-2))*42. What is the highest common divisor of 7 and v?
7
Suppose -5*d - 3 = -48. Suppose 44 = 4*w - 244. What is the highest common factor of w and d?
9
Let x be 255/4 - (-1)/4. Suppose -4*m + x = -0*m. What is the greatest common divisor of 144 and m?
16
Let o be (-4324)/52 + 4/26. Let s = -28 - o. Calculate the greatest common factor of 5 and s.
5
Suppose -1 + 21 = 4*b. Suppose 2*g = -2*x + 6, 4 = -g - 3*x + 11. Calculate the highest common divisor of b and g.
1
Let r = 4 - 0. Suppose r*v - 32 = 4. What is the highest common factor of v and 63?
9
Let y be 5/2*4/5. Suppose -2*b + 22 = o, -o - o = -3*b - 30. Calculate the greatest common divisor of o and y.
2
Let g = 36 - 6. Suppose 7*f - 107 + 2 = 0. What is the highest common divisor of g and f?
15
Suppose -d = -2*d - 13. Suppose g + 1 = -8. Let x = g - d. What is the highest common factor of 16 and x?
4
Suppose -3*v + 71 = 4*c - 127, 0 = -5*c. Let a(n) = n**2 - 8*n + 10. Let k be a(7). Suppose 1 = k*m - 32. What is the highest common divisor of v and m?
11
Suppose 0 = -8*b + 5*b + 27. Suppose 0 = 4*v - 3*o + 19 - 304, -5*o = -5. Let j be v/7*(-14)/(-2). What is the highest common di